 is divided by 32.
22
Calculate the remainder when 12742 is divided by 12719.
23
Calculate the remainder when 2766 is divided by 182.
36
Calculate the remainder when 15607 is divided by 30.
7
What is the remainder when 3075 is divided by 1457?
161
Calculate the remainder when 188920 is divided by 137.
134
What is the remainder when 9115 is divided by 76?
71
Calculate the remainder when 57641 is divided by 48.
41
Calculate the remainder when 311703 is divided by 213.
84
Calculate the remainder when 100264 is divided by 542.
536
Calculate the remainder when 109388 is divided by 54689.
10
Calculate the remainder when 267574 is divided by 302.
2
Calculate the remainder when 36838 is divided by 187.
186
Calculate the remainder when 11134 is divided by 487.
420
What is the remainder when 82228 is divided by 82218?
10
Calculate the remainder when 118221 is divided by 4.
1
What is the remainder when 244560 is divided by 8433?
3
Calculate the remainder when 4828 is divided by 2402.
24
Calculate the remainder when 864168 is divided by 515.
513
What is the remainder when 73616 is divided by 14716?
36
What is the remainder when 5674 is divided by 281?
54
What is the remainder when 13364 is divided by 4431?
71
Calculate the remainder when 35985 is divided by 1240.
25
What is the remainder when 124779 is divided by 85?
84
Calculate the remainder when 34282 is divided by 3808.
10
Calculate the remainder when 129548 is divided by 3810.
8
What is the remainder when 11299 is divided by 3758?
25
What is the remainder when 26945 is divided by 25?
20
Calculate the remainder when 6931 is divided by 1729.
15
What is the remainder when 28879 is divided by 9609?
52
What is the remainder when 2442 is divided by 796?
54
What is the remainder when 1181138 is divided by 73?
71
What is the remainder when 3974 is divided by 34?
30
What is the remainder when 5345 is divided by 22?
21
What is the remainder when 10395 is divided by 199?
47
What is the remainder when 50105 is divided by 589?
40
What is the remainder when 36007 is divided by 529?
35
What is the remainder when 1121 is divided by 405?
311
Calculate the remainder when 1433 is divided by 205.
203
Calculate the remainder when 24690 is divided by 8158.
216
What is the remainder when 389064 is divided by 97262?
16
What is the remainder when 5476 is divided by 607?
13
Calculate the remainder when 14665 is divided by 431.
11
What is the remainder when 49711 is divided by 2357?
214
What is the remainder when 724 is divided by 254?
216
Calculate the remainder when 382661 is divided by 5979.
5
What is the remainder when 3775 is divided by 941?
11
What is the remainder when 367 is divided by 139?
89
Calculate the remainder when 985566 is divided by 134.
130
Calculate the remainder when 275293 is divided by 2809.
11
Calculate the remainder when 13494 is divided by 203.
96
Calculate the remainder when 5854 is divided by 85.
74
What is the remainder when 6199 is divided by 326?
5
What is the remainder when 905829 is divided by 207?
204
What is the remainder when 28018 is divided by 14000?
18
Calculate the remainder when 226755 is divided by 13.
9
What is the remainder when 153695 is divided by 67?
64
What is the remainder when 18643 is divided by 10?
3
What is the remainder when 3727 is divided by 645?
502
What is the remainder when 2618 is divided by 109?
2
Calculate the remainder when 25118 is divided by 571.
565
What is the remainder when 3818 is divided by 386?
344
Calculate the remainder when 13804 is divided by 13792.
12
Calculate the remainder when 10196 is divided by 3335.
191
What is the remainder when 4172 is divided by 2068?
36
Calculate the remainder when 10112 is divided by 1666.
116
What is the remainder when 427 is divided by 27?
22
What is the remainder when 4131 is divided by 348?
303
Calculate the remainder when 3536 is divided by 148.
132
Calculate the remainder when 25390 is divided by 148.
82
Calculate the remainder when 1162 is divided by 128.
10
What is the remainder when 29000 is divided by 261?
29
What is the remainder when 39427 is divided by 2627?
22
Calculate the remainder when 2226 is divided by 438.
36
Calculate the remainder when 668958 is divided by 37.
35
Calculate the remainder when 16128 is divided by 1469.
1438
Calculate the remainder when 4708 is divided by 1090.
348
Calculate the remainder when 17036 is divided by 16620.
416
Calculate the remainder when 5051 is divided by 38.
35
What is the remainder when 79302 is divided by 46?
44
Calculate the remainder when 30091 is divided by 73.
15
Calculate the remainder when 42774 is divided by 227.
98
Calculate the remainder when 11200 is divided by 402.
346
Calculate the remainder when 6693 is divided by 699.
402
Calculate the remainder when 33197 is divided by 12.
5
Calculate the remainder when 28146 is divided by 1402.
106
What is the remainder when 42754 is divided by 14?
12
Calculate the remainder when 56217 is divided by 91.
70
What is the remainder when 703 is divided by 189?
136
Calculate the remainder when 14515 is divided by 81.
16
Calculate the remainder when 721093 is divided by 48.
37
Calculate the remainder when 146371 is divided by 642.
637
Calculate the remainder when 284046 is divided by 333.
330
Calculate the remainder when 30805 is divided by 11.
5
What is the remainder when 76397 is divided by 50?
47
Calculate the remainder when 93702 is divided by 94.
78
Calculate the remainder when 1491773 is divided by 26.
23
Calculate the remainder when 1663 is divided by 85.
48
What is the remainder when 206870 is divided by 48?
38
What is the remainder when 4162 is divided by 691?
16
What is the remainder when 80021 is divided by 45?
11
Calculate the remainder when 604 is divided by 35.
9
Calculate the remainder when 138641 is divided by 114.
17
Calculate the remainder when 10292 is divided by 206.
198
What is the remainder when 3193 is divided by 528?
25
What is the remainder when 56507 is divided by 5?
2
Calculate the remainder when 161474 is divided by 14.
12
Calculate the remainder when 1275811 is divided by 441.
439
What is the remainder when 1244 is divided by 12?
8
Calculate the remainder when 8577 is divided by 1327.
615
What is the remainder when 10222 is divided by 5105?
12
Calculate the remainder when 33058 is divided by 8260.
18
Calculate the remainder when 12796 is divided by 54.
52
What is the remainder when 699 is divided by 311?
77
What is the remainder when 5649912 is divided by 905?
902
What is the remainder when 1674 is divided by 1648?
26
Calculate the remainder when 4713 is divided by 2235.
243
Calculate the remainder when 203012 is divided by 203005.
7
What is the remainder when 15825 is divided by 84?
33
What is the remainder when 287200 is divided by 634?
632
Calculate the remainder when 7705 is divided by 17.
4
Calculate the remainder when 1045 is divided by 500.
45
What is the remainder when 5186 is divided by 86?
26
Calculate the remainder when 1189 is divided by 48.
37
What is the remainder when 543 is divided by 370?
173
Calculate the remainder when 9999 is divided by 304.
271
What is the remainder when 405349 is divided by 128?
101
What is the remainder when 6226348 is divided by 309?
307
What is the remainder when 137283 is divided by 45756?
15
What is the remainder when 31942 is divided by 31932?
10
Calculate the remainder when 4567 is divided by 192.
151
What is the remainder when 2324 is divided by 1975?
349
What is the remainder when 171778 is divided by 18?
4
Calculate the remainder when 2453 is divided by 730.
263
Calculate the remainder when 65142 is divided by 15.
12
Calculate the remainder when 5815 is divided by 1933.
16
What is the remainder when 7889 is divided by 1394?
919
What is the remainder when 2037 is divided by 112?
21
What is the remainder when 6551 is divided by 1636?
7
What is the remainder when 28699 is divided by 25?
24
What is the remainder when 29986 is divided by 196?
194
What is the remainder when 19255 is divided by 21?
19
What is the remainder when 11429 is divided by 121?
55
Calculate the remainder when 7151 is divided by 1742.
183
What is the remainder when 160455 is divided by 248?
247
What is the remainder when 11957 is divided by 1007?
880
What is the remainder when 244